 - p + 2. Suppose -4*l + 52 - 20 = 0. Let y(b) = -3*b**3 - 3*b**2 - 2*b + 6. Let a(n) = l*x(n) - 3*y(n). Calculate a(-2).
-2
Let o(v) = -v**3 - 10*v**2 - 9*v + 4. Let h be o(-9). Suppose -h*c - 4*k = -0*k + 12, -3*k - 14 = -2*c. Let z(r) = -5*r**2 + r - 1. Determine z(c).
-5
Let i = -19 + 15. Let c(r) be the third derivative of r**5/60 + r**4/4 + 5*r**3/6 - r**2. Calculate c(i).
-3
Let d(v) be the second derivative of v**3/3 + 8*v**2 - 3*v. Give d(-11).
-6
Let o(a) = 2*a - 4. Let n(c) = c + 3. Let k be n(-7). Give o(k).
-12
Let q be (-3)/(-1)*10/(-6). Let x(t) = -t + 11. Let c be x(8). Let m(f) = -1 + 1 - 1 - f**2 + 7 - c*f. What is m(q)?
-4
Suppose -3*s = w - 8, 3 + 5 = -2*s - 4*w. Suppose -2*m + 0 = -s, -2*m - 4 = -4*i. Let v(j) = 22*j**2 + j - 22*j**i - j**3 - 1. Determine v(0).
-1
Let s(n) = n + 11. Let v be s(-9). Let g(l) = l**v + 4*l + 3 + 5*l**2 + 3*l - 5*l**2. Give g(-5).
-7
Let l(j) = -j + 1. Let n(b) = -b**3 - 3. Let d be n(0). Let t(v) = -v + 2. Let h(u) = d*t(u) + 5*l(u). Give h(4).
-9
Suppose 3*c + 3*b + 7 = 1, 5*b = 4*c + 35. Suppose -2 = -m - 0*m. Let d(o) = -1 + o**m - 4 + 3 + 6*o. What is d(c)?
-7
Let s(c) = 7*c**3 + 5*c**2 - 7*c + 8. Let b(a) = 6*a**3 + 5*a**2 - 7*a + 7. Let i(x) = -6*b(x) + 5*s(x). What is i(-6)?
-8
Let x(q) = 97*q**2 - 1 - q + 95*q**2 - 191*q**2. What is x(0)?
-1
Let o be 8*(-1)/((-8)/(-4)). Let n(v) = -v**2 - 3*v - 1. What is n(o)?
-5
Let b(g) be the second derivative of g**3/2 + g**2/2 - 88*g. Let r = -2 + 4. Give b(r).
7
Let w(r) = 3*r - 6*r - 1 - 2*r**2 - r**3 + 2*r + 0*r**2. Suppose 1 = 5*t + 11. What is w(t)?
1
Let t(r) = -8*r + 1. Let j(x) = 15*x - 2. Let u(s) = -3*j(s) - 5*t(s). Let a(z) = -z**3 + 4*z**2 - 2*z - 2. Let m be a(2). Give u(m).
-9
Let p(d) = d**2 + 3*d**3 - 3*d**3 - 80*d + 1 - 2*d**3 + 78*d. Determine p(1).
-2
Let d = -3 - 3. Let u(i) = 2*i - 6. Determine u(d).
-18
Let b(h) = -h + 1. Let g(v) = 5*v - 9. Let r(k) = -4*b(k) - g(k). Calculate r(8).
-3
Let q = -3 + 2. Let o(j) = -j**3 - j - 1. Let p(g) = -5*g**3 + 3*g**2 - 4*g - 6. Let w(c) = q*p(c) + 6*o(c). Suppose -2*i + 4 - 10 = 0. Calculate w(i).
6
Let z(i) = -i**2 + 4. Let p be z(-3). Let c(u) = u**3 + 5*u**2 - u + 2. Determine c(p).
7
Let j = -15 - -11. Let c(g) be the second derivative of -g**4/12 - g**3/3 + g**2 - 28*g. Determine c(j).
-6
Let k(i) be the third derivative of -i**6/120 - i**5/20 + i**4/24 - 2*i**3/3 + 13*i**2. Calculate k(-3).
-7
Let o(d) be the second derivative of -d**3/3 + d**2/2 + 6*d. Calculate o(2).
-3
Suppose 17 = 3*z + 2. Let m(l) be the second derivative of 0*l**3 - 1/12*l**4 + 0*l**2 + 1/5*l**z - 3*l + 0. Give m(-1).
-5
Let m(q) = -2*q - 2. Let c(u) = -5*u + 5 + 8*u - 2. Let s(z) = 5*c(z) + 7*m(z). Determine s(5).
6
Let s(p) = -2*p - 3. Suppose 3*g = 5*g. What is s(g)?
-3
Suppose 6*l - 12 = -0*l. Suppose 2*r - l + 10 = 0. Let a(x) = -x**3 - 4*x**2 + 4*x + 3. Determine a(r).
-13
Let z(t) = -2*t - 3. Let p(a) = 2*a + 3. Let o(b) = 4*p(b) + 5*z(b). Calculate o(-2).
1
Let x(y) = y**3 + y - 6. Let t(v) = -v**2 + v - 1. Let i be t(0). Let r be ((-6)/6)/(i/2). Suppose -l + 10 = -r*l + 2*g, 3*l + 4*g = 20. Determine x(l).
-6
Suppose 4 = 5*y - 11. Let n(h) = -h**3 + 5*h**2 - 4*h. Let l be n(y). Let c(p) = -p**2 + 7*p - 6. Calculate c(l).
0
Let h(p) be the first derivative of -2*p**3/3 + 3*p**2/2 - 2*p + 2. Determine h(2).
-4
Let w(u) = -4*u. Let o be (100/(-30))/(4/(-6)). Let r(x) = x**2 + 6*x + 6. Let s be r(-4). Let p = o + s. Calculate w(p).
-12
Let l be 1 - ((-1)/5 + 14/(-5)). Let p(s) = 3*s - 6. Give p(l).
6
Suppose 6 = q + 1. Let n(y) be the second derivative of -y**6/720 - 5*y**4/12 - 5*y. Let k(x) be the third derivative of n(x). Calculate k(q).
-5
Suppose x - 16 = 6*x + 4*m, 2*x = 3*m + 12. Let a(r) = r + 5 - 5*r + 3*r. Calculate a(x).
5
Let o(q) = q**3 - 4*q**2 + 3*q + 1. Let h = 10 + -5. Let a = 8 - h. Suppose 5*r + j = 14, 4*j = a*r - 9 - 4. Determine o(r).
1
Suppose -3*m - 18 = -0*m. Let t(n) = -n. Determine t(m).
6
Let q(f) = -f**3 + 4*f**2 + 8*f - 6. Let p(m) = -m**3 + 6*m**2 - m - 15. Let b be p(5). Give q(b).
9
Let u(f) = 7*f + f**2 + 0 - 1 - 4*f. Suppose 5*c = -3*m - 26, 5*m + 6 = 2*c - c. Calculate u(c).
3
Let o(a) = a + 6. Let g be o(-6). Let j(x) = x**2 - 5*x + 1 + g + 3. Give j(4).
0
Let a = -12 + 19. Let q(h) = h + 10 - 6*h**2 - h**3 + 0*h**3 + a*h + 0*h. What is q(-7)?
3
Suppose -5*c = -2*c - 18. Let x(a) = 2*a + 7 - 10 - 6 + 0*a. Give x(c).
3
Let g(d) = -d**3 - d**2 + 3*d - 2. Let z(p) = -1. Let j(m) = -g(m) - z(m). What is j(-3)?
-6
Let c(p) = 3*p - 2. Let f(y) = -y - 6. Let i be f(-6). Suppose i = -3*o - 2*o + 15. Calculate c(o).
7
Let t = 14 - 9. Let v(z) = 7*z + 36*z**2 - 42*z**2 - 4 - 3*z**3 + 4*z**3. Give v(t).
6
Let l be (4*(2 + -1))/2. Suppose 0 = 4*i - 5*p - 12, -p = 4*i + 3*p - 12. Let o(r) = -3*r + 2*r + 2*r - 1 - r**i. Calculate o(l).
-7
Suppose -38 = -8*c + 10. Let i(m) = 2*m - 12. Give i(c).
0
Let g(y) = -11*y + 4. Let t(b) = 30*b - 12. Let w(k) = -11*g(k) - 4*t(k). Let h = -8 + 5. Calculate w(h).
1
Suppose -2 = -2*d, 0 + 4 = z + 2*d. Suppose 5*o = 0, -4 + 0 = -z*w + 4*o. Let t(b) = -b**2 + 6 + 2*b**w + 4*b - 2*b**2. Give t(5).
1
Suppose -3*q + 12 = 0, 5*w - 10 = -5*q + 30. Let i(v) = -8*v**3 + 5*v**3 - w*v**3 - 6*v + 5*v. What is i(1)?
-8
Let z(w) be the first derivative of -1 - 2*w**2 + 7*w**2 + 2*w - 3*w**2. Let i(r) = 4*r**3 - r. Let s be i(-1). What is z(s)?
-10
Let j(c) = c**2 + 3*c. Let z(k) be the third derivative of -k**6/120 - k**5/10 + k**4/3 + 2*k**3/3 - k**2. Let h be z(-7). Calculate j(h).
0
Suppose -3*u + 8*u = 3*q + 34, -10 = -5*u - 5*q. Let i(d) = 3*d**2 - 4 - 11*d + u*d + 9*d. What is i(-3)?
14
Let d(f) be the third derivative of -f**6/120 + 7*f**5/60 - f**4/24 + 2*f**3/3 - 25*f**2. Give d(7).
-3
Let i(t) = 10*t**3 + t**2 + t + 1. Let r(s) = s**2 + 3*s - 5. Let v be r(-4). What is i(v)?
-9
Suppose -1 = -2*j - 7. Let f(n) = -5*n + 2*n - 3 + 0*n. Give f(j).
6
Let o(a) = 3*a**2 - a - 3. Let k(m) = 4*m**2 - 2*m - 3. Let w(s) = 2*k(s) - 3*o(s). Let v(u) = u**2 - 5*u - 5. Let g be v(5). Let n = -2 - g. What is w(n)?
-9
Let k(m) = 11*m**3 + 5*m**2 - 5*m + 10. Let h(n) = 5*n**3 + 2*n**2 - 3*n + 5. Let r(j) = -9*h(j) + 4*k(j). Calculate r(4).
-9
Let d(j) = -3*j**3 + 15*j**2 + 15*j + 7. Let c(s) = 2*s**3 - 10*s**2 - 10*s - 5. Let o(q) = -2*q + 3. Let v be o(4). Let x(n) = v*d(n) - 7*c(n). Calculate x(6).
6
Let x(l) be the first derivative of -l**6/120 + l**5/120 - 2*l**3/3 + 7. Let u(c) be the third derivative of x(c). Determine u(2).
-10
Let a be (2/(-3))/((-6)/(-45)). Let n(q) be the first derivative of -q**4/4 - 2*q**3 - 3*q**2 + 5*q - 3. Determine n(a).
10
Let j(a) = -2*a**2 - 5*a. Let g(p) = 1 + p**2 - 1 + 5*p - 2*p. Let r(k) = -5*g(k) - 3*j(k). Let q be r(0). Let u(f) = -f - 1. What is u(q)?
-1
Let n(a) = 0*a**2 - a + a**2 + 2*a**3 + 4*a**3. Suppose 28 = -d + 29. Determine n(d).
6
Let x(y) = -y + 1. Let a(k) = 16*k + 8. Let z(u) = -a(u) + 8*x(u). Give z(1).
-24
Let o(k) = -2 + 2*k - 7*k - 2*k**2 + k**3 + 6*k**2. Give o(-5).
-2
Let p(y) = 16*y - 11. Let n(s) = 3*s - 2. Let m(k) = -11*n(k) + 2*p(k). What is m(2)?
-2
Suppose -4 = -2*s + 8. Let q = s - 10. Let b(l) be the second derivative of l**4/12 + 2*l**3/3 + 3*l**2 + 3*l. What is b(q)?
6
Let w(d) = 4*d**2 - 3*d**2 + 5 - 1 + 3 + 14*d. Let j(l) be the first derivative of -2*l**3/3 - 29*l**2/2 - 14*l - 1. Let c(v) = 6*j(v) + 13*w(v). Give c(-5).
-8
Let y = 7 + -3. Let x(u) = 3*u**3 - 5*u**3 + y*u + 4 + 5*u**2 + 3*u**3. Let v(o) = -o**2 - o - 2. Let c be v(-2). Determine x(c).
4
Suppose 3*a + 0 - 3 = 0. Let y(m) = -m**2 - 10*m - 7. Let p be y(-9). Let k(i) = 4*i**p - i - 3*i**2 + 0 - i**3 - a. Determine k(2).
-7
Let h be (-1)/5 - 78/(-15). Let y(c) = -c + 2*c + h + c + 4. Calculate y(-6).
-3
Let j = 3 - -4. Let v(b) = j*b - 7 + 7. What is v(1)?
7
Let u(j) = -5*j**2 - j + 2*j**2 + 0*j. Suppose -4*b = -5*n + 7, 3*n - b = -0*n. Let g = n - -2. Give u(g).
-4
Let j(q) = -q. Let t be j(0). Let m(w) be the second derivative of w**3/2 - 11*w**2/2 - w. Let u(b) = -8*b + 32. Let k(v) = 11*m(v) + 4*u(v). Give k(t).
7
Let i be (-2)/9 + 415/45. Let b(p) = -3*p + 6*p + i*p. Calculate b(1).
12
Let m(u) = -u**2 + 2*u + 4. Suppose 6 + 12 = -6*s. What is m(s)?
-11
Let i = 57 - 36. Let s be (0 - i)*1/(-3). Let j(d) = d**3 - 6*d**